u. What is the highest common divisor of d and 18?
9
Suppose -38 = -6*k + 340. What is the greatest common divisor of k and 9?
9
Suppose -12*q + 432 = 36. Calculate the greatest common divisor of 33 and q.
33
Suppose 8*w - 146 = 558. Calculate the highest common divisor of 8 and w.
8
Let x = -3 - -12. Calculate the highest common divisor of 72 and x.
9
Let d(m) = m**3 + m**2 - m - 10. Suppose 0 = w + w. Let h be d(w). Let a = 21 + h. Calculate the greatest common factor of 55 and a.
11
Let r be 24/1 - (-8)/4. Suppose o - 5 = r. Suppose -4*l - o + 115 = 0. What is the greatest common factor of 7 and l?
7
Let c(q) = q**2 + 10*q - 14. Let k be c(-10). Let x be (-9)/(-2) - (-7)/k. Calculate the greatest common divisor of 36 and x.
4
Let a(i) = 47*i**2 - i - 1. Let w be a(-1). Let l = -25 + w. Let b = l + -12. What is the highest common divisor of b and 2?
2
Suppose -157 = -v - 12. What is the greatest common factor of 29 and v?
29
Suppose -2*c - 3*c = -5*w - 60, 0 = -c + 3*w + 14. Let z(b) = b**2 - 7*b - 14. Let i be z(c). Let p = 52 - 32. Calculate the greatest common divisor of i and p.
10
Suppose -88 = 4*v - 0*v. Let d be 4/(-22) + (-114)/v. Suppose -4*g + 4*i + 20 = 0, -3*g + 5*i = -6 - 9. Calculate the greatest common divisor of g and d.
5
Let k = 51 + -41. Calculate the highest common divisor of 2 and k.
2
Suppose 0 = -5*l + 2*k + 393, -142 = -2*l - 5*k + 2*k. What is the greatest common divisor of 7 and l?
7
Suppose -3*j + 6*j - 6 = 0. Suppose -3*u + 7 = -j. Let h = 117 + -111. What is the greatest common factor of u and h?
3
Let z be -3*21/(-2 - -1). Let r = -39 + z. Let h be 30/(-12)*18/(-15). Calculate the greatest common divisor of h and r.
3
Let o = 72 - 44. Suppose 2*l = -5*f + 41, -l + 2*l - o = -f. Let m = -19 + l. What is the highest common divisor of m and 112?
14
Suppose 208 + 122 = 2*s. Calculate the greatest common factor of 15 and s.
15
Suppose -2*c + 3*c - 11 = 0. Let r = -1 - 3. Let m(g) = -g**3 - 2*g**2 - g - 3. Let h be m(r). Calculate the highest common factor of c and h.
11
Suppose 2*z = -5*i + 18 + 2, -20 = -5*i + 2*z. Suppose -2*t - 2*m = -6, 0 = t + 2*t - i*m - 44. What is the greatest common divisor of 24 and t?
8
Let l = -4 - -8. Suppose 3*u = l*k + 1, 3*k - u - 1 = k. Let b be -1*(1 - 0)*-2. What is the greatest common factor of b and k?
2
Let u be 1 - (0 - 1 - 0). Suppose 5*k - 17 - 3 = 0. Suppose -u*n + 28 - k = 0. Calculate the highest common factor of 36 and n.
12
Let k = 107 - 27. Calculate the highest common divisor of k and 20.
20
Suppose -6*b = -8*b + 374. Calculate the highest common divisor of 17 and b.
17
Let w be 1*(0 - 0) - 1*-16. What is the highest common divisor of w and 12?
4
Let u(f) = -11*f + 2 + 6*f + 4*f + 2. Let r be u(3). Calculate the highest common factor of 1 and r.
1
Let o = -102 - -168. Let r = o - 34. What is the greatest common divisor of 4 and r?
4
Suppose -4 = 2*w - 68. Let o(v) = 2*v - 6. Let f be o(4). Suppose 2*a - 2*l + w = 3*a, f*a + 3*l = 61. Calculate the highest common divisor of 13 and a.
13
Let c(x) = -109*x + 3. Let p = -17 + 10. Let b(d) = 73*d - 2. Let u(t) = p*b(t) - 5*c(t). Let z be u(1). What is the greatest common factor of z and 22?
11
Let p = 16 + 8. Suppose 5*v - v = k + p, 4*k = v - 6. Calculate the highest common factor of 12 and v.
6
Let n(u) = -u**2 - 11*u + 5. Let r be n(-10). Calculate the greatest common factor of 10 and r.
5
Suppose -3*f - 4*z = -32 - 90, -116 = -3*f - z. Let p(i) = -i**3 + 8*i**2 + i + 11. Let a be p(8). What is the highest common factor of f and a?
19
Let g(y) = -6*y. Suppose -18 = v + v. Let q be g(v). What is the greatest common divisor of 18 and q?
18
Suppose 0 = -2*r + 4*f + 56, -4*f + 47 = 2*r + 7. Let g = 63 + -27. Suppose -g = -4*s + s. What is the highest common divisor of s and r?
12
Let w be 702/(-4) + (-1)/(-2). Let k = -346 + 21. Let r = w - k. What is the highest common factor of 15 and r?
15
Suppose -5*l + 19 = 2*v, -22 = -3*l - 4*v - 5. Calculate the greatest common factor of l and 21.
3
Suppose -222 = -4*i + u - 81, 2*i = -4*u + 84. Calculate the greatest common divisor of 324 and i.
36
Let i(s) = -s**3 + 4*s**2 + 3*s + 2. Let j be i(4). What is the greatest common factor of 2 and j?
2
Suppose 5*y = -5*s + 315, -3*y = 2*s + 2*y - 135. Calculate the highest common divisor of 45 and s.
15
Suppose 3*l - 120 = -5*l. Suppose 5*y = 26 + 4. What is the highest common factor of y and l?
3
Let n be 90/8 + (-3)/12. Let t = 60 + 17. What is the greatest common divisor of n and t?
11
Suppose 2*a = -2*j - 0*a + 76, 0 = -3*a + 9. Calculate the highest common factor of 5 and j.
5
Suppose -2*d = -5*d + 93. Suppose 0 = -0*t - t - 3*k + 6, 4*t = -5*k + d. What is the highest common divisor of 99 and t?
9
Let q = -48 + 93. Suppose -2*o = -12 - 6. What is the highest common divisor of q and o?
9
Suppose -f = x - 6 - 0, 5*f - x = 6. Calculate the greatest common divisor of f and 22.
2
Let m = -11 - -116. Calculate the highest common divisor of 42 and m.
21
Let h be 3/(-7) - -12*(-88)/(-14). Let n be 1 - (3/(-1) - 1). Suppose 4*z - 70 - 9 = -n*d, -z = -4*d + 59. What is the highest common factor of d and h?
15
Suppose 31 + 5 = 2*g. What is the greatest common factor of g and 12?
6
Let x be (-1 - -126)*(4 + (-15)/5). Calculate the greatest common factor of 25 and x.
25
Suppose 3*u = -3*c + 18, 4 + 10 = 4*u + 2*c. Let t be ((2 - 2) + 1)*1. Suppose 25 = 3*g + f, -g + t + 3 = -4*f. What is the highest common factor of g and u?
1
Suppose 0 = 352*p - 354*p + 160. Let z = -26 + 46. What is the highest common factor of z and p?
20
Let l be (-116)/(-14) + (-2)/7. Suppose -130 = -10*b + l*b. What is the greatest common divisor of 13 and b?
13
Suppose l + 9 = 4*l. Suppose 5*b + l*i = 1541, -4*i = -i - 6. Let k = -208 + b. What is the greatest common factor of 9 and k?
9
Suppose 92 = 2*g + 2*k, 4*g + 0*k - 212 = 3*k. Calculate the greatest common factor of 5 and g.
5
Suppose 7*q = 8*q - 38. Calculate the greatest common divisor of q and 57.
19
Let q be (-5)/(-5 - -3 - -1). Suppose -p - 10 = -r + 5*r, q*p + r = 7. Let j be (1 - 3/p)*-150. What is the greatest common factor of 15 and j?
15
Suppose -3*k = -3*c + 7*c - 41, -2*c = -10. What is the highest common factor of k and 1?
1
Let h be -6 + 4 - (-6 - 0). Suppose r + 3 = h*r - 3*m, 4*r + 2*m - 28 = 0. Suppose r = -4*l + 5*l. Calculate the greatest common divisor of l and 5.
5
Suppose d = -0*d + 3. Suppose 2*c - 28 = -2*b, -5*b = -d*b - 5*c. Suppose 5*h + 10 = 6*h. Calculate the greatest common factor of b and h.
10
Let w = -596 + 860. Let s(a) = -3*a + 45. Let o be s(7). What is the greatest common divisor of w and o?
24
Let k = -76 - -265. Calculate the greatest common factor of 27 and k.
27
Let j be ((-10)/(-4))/((-3)/(-6)). Suppose -4*r = j*d - 54, -3*r + 13 = 2*d - d. Calculate the greatest common factor of 10 and d.
10
Let g(o) = -o**2 + 6*o - 3. Let l be g(2). Suppose -l*d + 56 = 161. Let h be (-267)/d - (-4)/14. Calculate the greatest common divisor of 52 and h.
13
Let u be 1696/56 + 2/(-7). Let i = u + 40. Calculate the highest common divisor of 10 and i.
10
Let b be (770/(-4))/((-6)/12). What is the greatest common divisor of 35 and b?
35
Let v(x) = -x**2 - 10*x - 5. Let a be v(-9). What is the highest common factor of a and 36?
4
Suppose -11*h = -13*h + 28. What is the greatest common divisor of h and 154?
14
Let o(p) = 14*p - 2. Let f be o(-3). Let v be f/(-20) - 1/5. Calculate the greatest common divisor of v and 6.
2
Suppose -6*y - 123 = -7*y. Calculate the greatest common factor of 41 and y.
41
Let j(m) = m - 3. Let k be j(6). Suppose l + 11 = 3*t, -3*t - t + k*l = -13. Calculate the highest common divisor of 6 and t.
2
Let r(z) be the third derivative of z**4/2 + 2*z**2. Let n be (-7)/(-5) - (-8)/(-20). Let y be r(n). Calculate the greatest common factor of y and 60.
12
Let z(t) = -t**2 + 9*t - 5. Let v be z(8). Suppose 56 - 11 = v*h. Calculate the greatest common divisor of h and 3.
3
Suppose 7*s - 102 = 4*s. What is the greatest common divisor of 51 and s?
17
Let v be (((-2)/2)/(-1))/((-30)/(-420)). What is the greatest common divisor of 98 and v?
14
Suppose -5*z + 3*z - 10 = 0, -2*z = -4*t + 274. Let o be -1 + 21/(-6)*-2. Calculate the highest common factor of t and o.
6
Let h be 1 